*t(a) + 7*u(a). List the prime factors of c(7).
3
Suppose -18*i + 912 = -14*i. List the prime factors of i.
2, 3, 19
Suppose 3*g = 347 + 193. What are the prime factors of g?
2, 3, 5
Let d = -75 + 107. Suppose 0*q = 4*q - d. What are the prime factors of q - 2/((-2)/(-3))?
5
What are the prime factors of 15/(-2)*16/(-2)?
2, 3, 5
Suppose 7*h - 80 = 4. List the prime factors of h.
2, 3
Suppose r + r - 18 = 0. Suppose -2*q - 3*b + 6 = -r, 2*q - 36 = 4*b. Suppose -y + q = y. What are the prime factors of y?
2, 3
Let y(d) = 5*d**2 + 0 + 11*d - 3 - d**3 + 3 + 1. Let c(h) = -4*h**3 + 14*h**2 + 34*h + 2. Let w(x) = 2*c(x) - 7*y(x). List the prime factors of w(-6).
3, 5
Suppose -3 = -b, 23 = 3*a + 2*b - 7. Let n = 15 - a. What are the prime factors of n?
7
Let b(j) = j**2 - 4*j + 4. Let a = 0 + 4. Let c be b(a). Suppose 44 = -0*g + c*g. List the prime factors of g.
11
Suppose 84 = -o + 4*o. What are the prime factors of o?
2, 7
Let z(o) = -o + 2. Let h be z(-5). Suppose 3*k = -h + 4. What are the prime factors of k/1 - 9*-1?
2
Suppose -3*o = -p + 48 + 153, -4*o + 4 = 0. Let v be p/(-33) + (-4)/(-22). List the prime factors of (4 - -29)*(-2)/v.
11
Suppose -5*l = -3*m - 166, 7*l - 3*l + 4*m - 152 = 0. List the prime factors of l.
5, 7
Let j(h) = -h**3 + 7*h**2 + h + 2. Let f(g) = -3*g + 1. Let k be f(-2). What are the prime factors of j(k)?
3
Suppose -840 = -2*t + 2*o, -5*o + 48 + 354 = t. List the prime factors of t.
3, 139
Suppose q + 508 = 3*x + 2*x, 0 = -4*x - 5*q + 389. List the prime factors of x.
101
Let m = -826 - -1178. What are the prime factors of m?
2, 11
Let s(f) = -f**2 + 8*f - 6. Suppose 0 = 4*j - 12, -w + 15 = 2*w + j. List the prime factors of s(w).
2, 5
Suppose 0 = p - 6*p. Let y = p - 0. Let x = y - -16. List the prime factors of x.
2
Let q = -62 + 87. List the prime factors of q.
5
Suppose -l + 12 = -5*l, -14 = -f + 4*l. Suppose -3*n = -8 + f. Suppose -3*h = 2*a - 50, n*h - 5 = 3*a + 11. What are the prime factors of h?
2, 7
Suppose 0 = -3*x - 3*u + 312, -3*u + u - 6 = 0. List the prime factors of x.
107
Suppose 2*k = -3*k + 55. List the prime factors of k.
11
Let t(z) = 15*z**3 + 7*z**2 + 6. Let k(a) = a**3 - a**2 - 1. Let n(o) = -6*k(o) - t(o). Let y be n(-1). Suppose -y = -h - 3*h. List the prime factors of h.
5
What are the prime factors of (-546)/(-27) - 2 - (-8)/(-36)?
2, 3
Suppose -3*y + 2*i = -14, -4*y = i - 1 - 14. Suppose -150 = -4*j + n, -j + 3*n + 184 = y*j. What are the prime factors of j?
2, 19
Let t(f) = -f**2 + 10*f + 2. Let j be t(10). Let i(w) = -j - 2 + 3 + 5*w. List the prime factors of i(1).
2
Let q = 3 + -3. Suppose q = 4*h + 4*s - 52, 2*s - 2 = 4. What are the prime factors of h?
2, 5
Let g be (-4)/6 + 1/(-3). Let p = -3 - g. What are the prime factors of (p + (8 - 1))/1?
5
Let m(p) = p**2 + 3*p + 1. Let q = 1 + 2. List the prime factors of m(q).
19
Suppose 22 = -18*o + 1156. List the prime factors of o.
3, 7
Let g(j) = j**3 - 10*j**2 + 14*j - 12. Let n be (1 + 17)*(-1)/(-2). List the prime factors of g(n).
3, 11
Let t(r) = -r**2 - 14*r - 7. List the prime factors of t(-12).
17
Let y = -54 - -108. Suppose -3*z + 4*z - 5*x = 18, 5*x - y = -3*z. What are the prime factors of z?
2, 3
Let g(l) = l**3 + 8*l**2 - 8*l + 7. Let q be g(-9). Suppose 0*h + h = 1. What are the prime factors of -8*3*h/q?
2, 3
Suppose -3 = 4*i + 5, -3*z + i + 32 = 0. Let r = z + 6. List the prime factors of r.
2
Suppose -536 = -8*i + 912. What are the prime factors of i?
181
Suppose -9*c = -11*c + 4. What are the prime factors of (-4 + 2)*(c + -10)?
2
Suppose -4*p - 4*m + 80 = 0, 3*p = 3*m + m + 53. What are the prime factors of p?
19
Suppose 4*n = 9*n - 355. What are the prime factors of n?
71
Let c(y) = y**3 - 3*y**2 - y + 1. List the prime factors of c(5).
2, 23
Let f = 2 + 0. Suppose -26 = -5*c + f*i, 4*i + 7 = c + 3*i. What are the prime factors of c?
2
Let g(n) = 3*n**2 + 3*n - 16. List the prime factors of g(-5).
2, 11
Let l(f) = -2*f + 4 + 0 - 3 + 6*f. List the prime factors of l(1).
5
Let z be 7/2 - (-3)/(-6). Suppose z*a - 6*r - 5 = -r, -3 = 2*a + 3*r. Suppose -s - 2*j = -0*s + 4, s + j + 1 = a. List the prime factors of s.
2
Suppose 0 = 2*z - 3*x - 4 - 0, 0 = -4*z - 2*x + 24. Suppose -3*y - 5*v + 58 = -0*y, -3*v = z*y - 118. List the prime factors of y.
2, 13
Let o(w) = w**3 + w - 1. Let z(a) = -2*a**3 + 6*a**2 - 4*a - 1. Let x(m) = 3*o(m) + z(m). Suppose 14 = -3*d - 4. List the prime factors of x(d).
2
Suppose -6*h = -47 - 175. What are the prime factors of h?
37
Suppose 6*z = 2*z + 12. Suppose -z*g + 116 = g. What are the prime factors of g?
29
Let q be (-1)/(1 - 3/2). Let u be (3 - 1)*25/q. Suppose 4*w = d - 15, -2*d + w = -2*w - u. List the prime factors of d.
11
Let d = 20 + -20. List the prime factors of (-8)/(d - -2) - -22.
2, 3
Let t = 124 + -214. Let c = t + 126. What are the prime factors of c?
2, 3
Let c = 12 - 5. Let m(f) = 5*f**2 - 2*f + 1. Let h(n) = -6*n**2 + n - 1. Let t(u) = 4*h(u) + 5*m(u). List the prime factors of t(c).
2
Suppose 1 = 2*g - l, 3*g = -g - l + 11. Suppose 2*t + y - 2*y - 5 = 0, -g*t - 2*y + 14 = 0. What are the prime factors of t?
2
Let r(w) = 8*w - 7. Let z be r(6). Suppose z + 3 = 4*l. List the prime factors of l.
11
Suppose -m + 4*t + 118 = 0, -2*m - t + 438 = 2*m. Suppose m = 5*x - 5*c, 5*c + 0 = -2*x + 23. What are the prime factors of x?
19
Let g = -42 + 89. What are the prime factors of g?
47
Suppose 0 = -l + 23 - 1. Let x = -31 - -15. Let n = x + l. List the prime factors of n.
2, 3
Let u = -7 + 12. Suppose -u*i = 5*t - 90, 0 = t - 4*i - i - 6. What are the prime factors of t?
2
Let d = 3 - -38. What are the prime factors of d?
41
Suppose 0 = -3*k + 86 - 17. List the prime factors of k.
23
Suppose 5*x = x - 164. Let s = x - -63. List the prime factors of s.
2, 11
Let a be -2 + 5 + (-1)/1. Suppose -4*j + 14 = a. Suppose 3*p - j*z = -7*z + 49, 2*z = 3*p - 25. What are the prime factors of p?
11
Let z be (-1 - -10)*(-15)/(-9). Let h(k) = -k. Let a be h(-2). What are the prime factors of ((-8)/(-6))/(a/z)?
2, 5
Suppose -d = -2*w - 11, -w = 4*w - 4*d + 35. Let y be ((-6)/(-9) + 1)*w. Let h = 16 + y. What are the prime factors of h?
11
Let g(t) = t**3 + 3*t**2 - t - 2. Let v be g(-3). Let x be 3/1*v + 0. What are the prime factors of (x - 1) + -3 - -9?
2
Let n(x) = x**3 - 5*x**2 + x + 5. Suppose w + 2 = 5. Suppose 2*z - 22 + 6 = -3*h, -2*z = -w*h - 4. What are the prime factors of n(z)?
2, 5
Let h(m) = 2*m + 3. Let d(s) = -4*s - 7. Let l(a) = 4*d(a) + 9*h(a). Let o be l(2). Suppose 4 = 4*k, -3*x + 17 = -4*k - o. List the prime factors of x.
2
Let k(w) = 13*w**2 - w - 2. Let i be k(-1). Let x(c) = c**3 - 12*c**2 + 3*c - 15. List the prime factors of x(i).
3, 7
Let s(x) = x**3 + 2*x**2 - 4*x. Let q be s(-3). Suppose q*i + 5*k = -17, 0 = 3*i - 5*i + 2*k - 6. Let w(h) = -2*h + 1. What are the prime factors of w(i)?
3
Let w = -2 + 2. Suppose w = -3*i + 2*i - 1, -3*i = -5*d + 93. List the prime factors of (-28)/(-6)*d/7.
2, 3
Let c be -3*(12/(-9))/(-4). List the prime factors of (6*c)/(-1 - 1).
3
Let o(j) = 70*j - 70. Let c(d) = 5*d - 5. Let n(h) = 55*c(h) - 4*o(h). What are the prime factors of n(-4)?
5
Suppose 0 = -5*p + 3*x + 358, 3*x - 89 = -3*p + 121. What are the prime factors of p?
71
Suppose 3*o - 17 = 31. Let i = o - 11. List the prime factors of i.
5
Let v = 307 - 194. Suppose -v = -3*u + 19. Suppose 3*b - u = -14. What are the prime factors of b?
2, 5
Suppose 5*x - 3*w - 8 = -7*w, -w = -2. Suppose -5 = 2*p + 3*r, x*p - r - 7 = -2*p. What are the prime factors of p?
2
Let f be -3 - (-4 - 2/2). Let u(p) = p**2 - p - 2. Let n be u(f). Suppose n = -5*r + r + 68. List the prime factors of r.
17
Let z be 9 + (-1)/1 - 0. Suppose 0 - z = -4*l. Suppose -f - l = -2*f. List the prime factors of f.
2
Let i(m) be the second derivative of 3*m**3/2 - 3*m**2/2 + m. Let g be i(4). Let o = -23 + g. List the prime factors of o.
2, 5
Suppose -88 = -2*h - 4*b, -h + 4*h - 77 = 5*b. List the prime factors of h.
2, 17
Suppose 2*y - 12 = -2*q, 5*y + 3 + 3 = 4*q. Suppose 9 = -3*z + q*z. What are the prime factors of z?
3
Let r(v) = -2*v - 9. Let n be r(-7). Let d = 5 + n. List the prime factors of d.
2, 5
Suppose 4*l = -4*x + 1 + 3, 0 = -5*l - 10. Suppose x*r + 2 = 8. Let j = r + 3. What are the prime factors of